382 is divided by 121.
19
Calculate the remainder when 381 is divided by 32.
29
Calculate the remainder when 177 is divided by 28.
9
What is the remainder when 668 is divided by 75?
68
What is the remainder when 250 is divided by 18?
16
Calculate the remainder when 10269 is divided by 12.
9
Calculate the remainder when 118 is divided by 40.
38
Calculate the remainder when 1985 is divided by 72.
41
What is the remainder when 203 is divided by 36?
23
What is the remainder when 156 is divided by 79?
77
Calculate the remainder when 38 is divided by 24.
14
What is the remainder when 212 is divided by 55?
47
Calculate the remainder when 471 is divided by 4.
3
Calculate the remainder when 85 is divided by 10.
5
What is the remainder when 1256 is divided by 126?
122
What is the remainder when 1404 is divided by 350?
4
Calculate the remainder when 2280 is divided by 2263.
17
Calculate the remainder when 565 is divided by 561.
4
Calculate the remainder when 19949 is divided by 150.
149
Calculate the remainder when 11569 is divided by 263.
260
Calculate the remainder when 33 is divided by 10.
3
What is the remainder when 699 is divided by 26?
23
Calculate the remainder when 50 is divided by 13.
11
Calculate the remainder when 306 is divided by 44.
42
Calculate the remainder when 700 is divided by 18.
16
What is the remainder when 1003 is divided by 332?
7
What is the remainder when 1335 is divided by 268?
263
What is the remainder when 784 is divided by 42?
28
Calculate the remainder when 3868 is divided by 13.
7
Calculate the remainder when 10882 is divided by 2719.
6
What is the remainder when 134 is divided by 9?
8
Calculate the remainder when 294 is divided by 78.
60
What is the remainder when 1677 is divided by 14?
11
What is the remainder when 985 is divided by 596?
389
What is the remainder when 112 is divided by 22?
2
Calculate the remainder when 185 is divided by 146.
39
Calculate the remainder when 73 is divided by 19.
16
Calculate the remainder when 179 is divided by 26.
23
What is the remainder when 218 is divided by 212?
6
What is the remainder when 71 is divided by 12?
11
What is the remainder when 138 is divided by 29?
22
What is the remainder when 29 is divided by 11?
7
Calculate the remainder when 1451 is divided by 12.
11
Calculate the remainder when 69 is divided by 27.
15
Calculate the remainder when 121 is divided by 70.
51
What is the remainder when 3553 is divided by 14?
11
What is the remainder when 1699 is divided by 85?
84
What is the remainder when 1050 is divided by 236?
106
Calculate the remainder when 40 is divided by 14.
12
Calculate the remainder when 320 is divided by 23.
21
Calculate the remainder when 928 is divided by 463.
2
Calculate the remainder when 44 is divided by 6.
2
What is the remainder when 419 is divided by 30?
29
What is the remainder when 859 is divided by 418?
23
Calculate the remainder when 75 is divided by 31.
13
What is the remainder when 3156 is divided by 81?
78
What is the remainder when 205 is divided by 75?
55
What is the remainder when 163 is divided by 11?
9
Calculate the remainder when 7776 is divided by 77.
76
What is the remainder when 1076 is divided by 530?
16
What is the remainder when 5886 is divided by 92?
90
Calculate the remainder when 297 is divided by 20.
17
What is the remainder when 108 is divided by 14?
10
What is the remainder when 508 is divided by 381?
127
What is the remainder when 322 is divided by 109?
104
Calculate the remainder when 485 is divided by 239.
7
What is the remainder when 8 is divided by 1?
0
What is the remainder when 3379 is divided by 7?
5
Calculate the remainder when 530 is divided by 53.
0
What is the remainder when 860 is divided by 31?
23
What is the remainder when 5084 is divided by 3?
2
What is the remainder when 215 is divided by 38?
25
What is the remainder when 127 is divided by 5?
2
What is the remainder when 242 is divided by 93?
56
What is the remainder when 293 is divided by 43?
35
What is the remainder when 60 is divided by 21?
18
What is the remainder when 27158 is divided by 20?
18
Calculate the remainder when 224 is divided by 36.
8
Calculate the remainder when 210 is divided by 76.
58
What is the remainder when 465 is divided by 12?
9
What is the remainder when 556 is divided by 223?
110
Calculate the remainder when 424 is divided by 129.
37
Calculate the remainder when 740 is divided by 93.
89
What is the remainder when 1148 is divided by 11?
4
Calculate the remainder when 769 is divided by 763.
6
What is the remainder when 404 is divided by 65?
14
What is the remainder when 372 is divided by 175?
22
What is the remainder when 182 is divided by 163?
19
Calculate the remainder when 2172 is divided by 23.
10
What is the remainder when 1517 is divided by 80?
77
What is the remainder when 176 is divided by 54?
14
Calculate the remainder when 4009 is divided by 1999.
11
What is the remainder when 23453 is divided by 74?
69
Calculate the remainder when 43 is divided by 26.
17
What is the remainder when 1311 is divided by 102?
87
What is the remainder when 4407 is divided by 11?
7
Calculate the remainder when 1886 is divided by 275.
236
What is the remainder when 1077 is divided by 267?
9
What is the remainder when 116 is divided by 20?
16
What is the remainder when 145 is divided by 70?
5
Calculate the remainder when 120 is divided by 62.
58
Calculate the remainder when 15 is divided by 7.
1
What is the remainder when 764 is divided by 118?
56
Calculate the remainder when 1136 is divided by 73.
41
Calculate the remainder when 48 is divided by 16.
0
What is the remainder when 105 is divided by 60?
45
What is the remainder when 90 is divided by 37?
16
What is the remainder when 1356 is divided by 435?
51
Calculate the remainder when 2391 is divided by 42.
39
Calculate the remainder when 100 is divided by 8.
4
What is the remainder when 306 is divided by 49?
12
Calculate the remainder when 1979 is divided by 34.
7
What is the remainder when 267 is divided by 52?
7
Calculate the remainder when 103 is divided by 37.
29
Calculate the remainder when 4317 is divided by 96.
93
Calculate the remainder when 947 is divided by 59.
3
Calculate the remainder when 196 is divided by 73.
50
Calculate the remainder when 725 is divided by 37.
22
What is the remainder when 4614 is divided by 71?
70
What is the remainder when 38767 is divided by 16?
15
Calculate the remainder when 75 is divided by 5.
0
Calculate the remainder when 285 is divided by 35.
5
What is the remainder when 142 is divided by 31?
18
What is the remainder when 111 is divided by 7?
6
What is the remainder when 3098 is divided by 258?
2
Calculate the remainder when 103 is divided by 22.
15
Calculate the remainder when 3568 is divided by 15.
13
What is the remainder when 78 is divided by 16?
14
Calculate the remainder when 343 is divided by 15.
13
What is the remainder when 8377 is divided by 118?
117
Calculate the remainder when 203 is divided by 16.
11
Calculate the remainder when 8029 is divided by 55.
54
What is the remainder when 195 is divided by 42?
27
What is the remainder when 3534 is divided by 27?
24
Calculate the remainder when 233 is divided by 47.
45
What is the remainder when 490 is divided by 174?
142
Calculate the remainder when 2159 is divided by 693.
80
What is the remainder when 539 is divided by 14?
7
What is the remainder when 1439 is divided by 45?
44
Calculate the remainder when 199 is divided by 56.
31
Calculate the remainder when 148 is divided by 105.
43
Calculate the remainder when 3564 is divided by 10.
4
What is the remainder when 519 is divided by 37?
1
What is the remainder when 505 is divided by 287?
218
Calculate the remainder when 183 is divided by 38.
31
What is the remainder when 1568 is divided by 33?
17
Calculate the remainder when 6292 is divided by 3145.
2
Calculate the remainder when 865 is divided by 67.
61
What is the remainder when 284 is divided by 97?
90
Calculate the remainder when 1041 is divided by 249.
45
What is the remainder when 632 is divided by 209?
5
Calculate the remainder when 500 is divided by 23.
17
What is the remainder when 884 is divided by 74?
70
Calculate the remainder when 171 is divided by 5.
1
Calculate the remainder when 11